hat is the remainder when 173 is divided by (20/(-35))/(l/140)?
5
Let j be (-4)/8*2*-5. Suppose -540 = -j*s - s. Suppose -4*i = 5*l - 81, 0*l - l - i + 17 = 0. What is the remainder when s is divided by l?
12
Let y = 12 - 3. Suppose 49*i + 2016 = 56*i. Suppose i*h - 24 = 287*h. Calculate the remainder when h is divided by y.
6
Let p = 274 + -262. Calculate the remainder when 441 is divided by (-68)/(6*(-4)/p).
33
Suppose -2*q + 393 - 91 = 0. Let u = -4 + 26. What is the remainder when q is divided by u?
19
Suppose q + 9 = 3*w + 3, -3*q = -4*w - 2. Suppose q*n = n + 55. Let g(u) = 14*u - 19. What is the remainder when g(4) is divided by n?
4
Suppose 5*p - 1265 = 5*b, -767 = -3*p + 23*b - 18*b. What is the remainder when p is divided by 83?
0
Suppose 2*a = 0, -i + 4*a = 2*i - 282. Suppose -5*w = v - 264, 3*w - i = -4*v + 78. Let c = -1803 - -1831. Calculate the remainder when w is divided by c.
24
Suppose 2*l = 3*l - 5*i - 16, l - 20 = 4*i. Let f = -154444 - -154460. What is the remainder when l is divided by f?
4
Let g(v) = v**2 + 16 - v**3 + 3*v + 16 - 46 + 19. Calculate the remainder when 36/3 + 5 + -4 is divided by g(0).
3
Let v be (5 - 11)*(-1)/(-6)*-8. Suppose v*r + 723 = 2179. What is the remainder when r is divided by 61?
60
Suppose -20816 = 255*k - 218441. Calculate the remainder when k is divided by 113.
97
Let c(w) = 271*w**2 - 28*w + 23 + 6 - 268*w**2. Let m be c(16). Suppose 1501 - m = 8*s. Calculate the remainder when s is divided by 38.
30
Let k = -8 + 36. Let z be 46/(-207)*(0 - (-18)/(-2)). Suppose -z*r - 544 = -4*t, 555 - 19 = 4*t - 4*r. What is the remainder when t is divided by k?
26
Suppose 0 = -25*t + 19*t + 360. Suppose -5*c = w - 15, -5*w + 2*c - t = -0*c. Let g(o) = -5*o + 22. Calculate the remainder when g(w) is divided by 37.
35
What is the remainder when 518 + (-53)/(-106)*(2 - -8) is divided by 81?
37
Calculate the remainder when 317 is divided by ((-12)/(-198))/(4/786) - 5/(-55).
5
Let i(k) = -14*k + 47. Let l(z) = -5*z + 16. Let r(b) = -4*i(b) + 11*l(b). Let j be r(-4). Let x = j + 27. Calculate the remainder when 42 is divided by x.
9
Suppose 5*f = -4*f. Suppose 4*i - 681 - 671 = f. Calculate the remainder when i is divided by 20.
18
Suppose -2*u = -68 + 28. Let t = -72 - -77. Suppose -3*s + 25 = 2*x - 6*x, -2*s + t*x = -19. What is the remainder when u is divided by s?
6
Let r(v) = v**3 + v**2 - 19*v + 52. What is the remainder when 92 - 4/(3 + -4) is divided by r(3)?
3
Let y(t) = -t + 10. Let q be y(8). Suppose -q*j = -0 - 198. Let d(x) = x**3 + 10*x**2 + 11*x + 38. What is the remainder when j is divided by d(-9)?
19
What is the remainder when 529 is divided by (-149 - -93)*9/(-12)?
25
Suppose 3*l = v + 5*l + 114, v + 122 = -4*l. Let f = 161 + v. What is the remainder when 273 is divided by f?
53
Suppose 0 = 407*r - 405*r + 10. Suppose 0 = -4*m - 3*m - 105. What is the remainder when 2/r + 567*(-3)/m is divided by 38?
37
Let s = 77 + -32. Suppose p + 19 = -s. Let y = p + 80. What is the remainder when 61 is divided by y?
13
Calculate the remainder when ((-1)/(-5))/(32/40 - 1)*-443 is divided by 134.
41
Let g be 1/(-4) + 16405/20. Suppose g = -142*c + 146*c. What is the remainder when c is divided by 42?
37
Let l(h) be the first derivative of -11*h**2/2 - 2*h + 1. Suppose -17 = 2*t + i - 41, -3*t = -3*i - 18. Calculate the remainder when l(-9) is divided by t.
7
Let c(f) = -18*f + 14. Let j be c(3). Let n = -37 - j. Suppose 5*m = n*r - 44, -2*r + 3*m = r - 36. Calculate the remainder when 21 is divided by r.
5
Let w = -4020 - -4172. Calculate the remainder when w is divided by 100.
52
Suppose f - 1187 + 706 = -3*m, 187 = m - 5*f. Calculate the remainder when 301 is divided by m.
139
Let u be 0 + (18 - 2 - 0). Let z(b) = 1 + u*b - 1 - 17*b. Calculate the remainder when 17 is divided by z(-6).
5
Let w(o) = 5*o**3 - 32*o**2 - 16*o + 5. Let f be 3/2*((-224)/(-12))/4. Calculate the remainder when 56 is divided by w(f).
16
Let c(t) = 54*t + 6996. What is the remainder when 3100 is divided by c(-129)?
10
Let z(l) = 2*l**2 - 24*l + 111. Calculate the remainder when z(14) is divided by 35.
27
Let s = -753 - -755. Suppose -s*n = 2*h - 30, -n + 6*n + h - 79 = 0. Calculate the remainder when 591 is divided by n.
15
What is the remainder when ((-960)/(-75)*-1)/((-3)/(690/4)) is divided by 11?
10
Let j = -62 - -44. Calculate the remainder when (-3)/j*4*450 is divided by 57.
15
Suppose 0 = -11*q + 642 + 95. Let c = q - 39. Calculate the remainder when 55 is divided by c.
27
Let r = -5193 - -5208. Calculate the remainder when 1415 is divided by r.
5
Suppose -479*g - 22 = -481*g. Suppose g*t - 420 = -17*t. Calculate the remainder when 72 is divided by t.
12
Let o = -1034 - -1583. What is the remainder when o is divided by 134/6 - 30/(-45)?
20
Let c = -41181 + 41267. Calculate the remainder when c is divided by 25.
11
What is the remainder when 906/4 - (-7 - (-26)/4)/1 is divided by 183?
44
What is the remainder when 1264 is divided by 6/4*(3 + 104/24)?
10
Suppose 0*c - 6*c + 1242 = 0. Suppose 4*j - 103 = -3*k + 148, 0 = 3*j - 4*k - c. Calculate the remainder when 385 is divided by j.
60
Suppose -5*b = -u - 11 - 7, -15 = -5*b. Let m be (8/4 - -2) + u. What is the remainder when 15 is divided by (-9)/(m + 1 - 3)?
6
Let z(r) = -r**3 + r**2 - r + 33. Let f be z(0). Let l = -21 + f. Suppose 9*d - l*d = -60. Calculate the remainder when d is divided by 11.
9
Calculate the remainder when 644 is divided by (-9)/((-27)/460) - (-2 + 7/3).
32
Let f(p) = p**3 - 5*p**2 - 4*p + 9. Let y be -4 - (-13)/(13/(-96)). Let w = y - -141. What is the remainder when w is divided by f(6)?
20
Suppose 8*b - 11*b - 18*b = -1323. Calculate the remainder when 337 is divided by b.
22
Suppose 6*z - 64 = -10*z. Suppose 20*a + z*m - 444 = 15*a, 5*a - 2*m = 438. Let n(g) = -g**3 + 5*g**2 + 3*g. What is the remainder when a is divided by n(5)?
13
Calculate the remainder when (199/796)/(14626/7312 + (-4)/2) is divided by 452.
10
Suppose -21*k = 82 - 250. Calculate the remainder when 1092 is divided by k.
4
Suppose 4*j = -3*l + 2*l - 2, 3*j = -2*l + 6. What is the remainder when (-184)/l*(-3 + (-30)/(-20)) is divided by 20?
6
Let c = -40 + 57. Let i(w) = -356751 + w + w + 356776. What is the remainder when i(c) is divided by 16?
11
Suppose -324 = 35*h - 4979. What is the remainder when 391 is divided by h?
125
Let s = -77 + 32. Let c = s + 46. Let k = c - -31. What is the remainder when 122 is divided by k?
26
Let b(a) = -12*a - 37. Suppose 3*m - 8*m + i + 90 = 0, -2*m + 13 = -5*i. Suppose 7 = 3*o + m. Calculate the remainder when 26 is divided by b(o).
4
What is the remainder when 187 is divided by (-96)/(-2) + (65/(-25) - (-6)/10)?
3
Let t = 0 - -121. Let o = 161 - t. Calculate the remainder when 391/2 - ((-14)/(-4))/(-7) is divided by o.
36
Suppose 59231 = 4*n + 5*v, -4*v + 47559 - 3134 = 3*n. Calculate the remainder when n is divided by 200.
199
Let n = -8 + 60. Suppose q - 115 + n = 0. Calculate the remainder when q is divided by 8.
7
Let q = -3870 + 5923. Suppose 1278 - q = -5*u. What is the remainder when u is divided by 41?
32
Let u(s) = 3*s**2 - 6*s + 3. Let a be u(2). Let r(t) = t**3 - 2*t**2 - 1. Let o be r(a). Let m = o - -16. What is the remainder when 119 is divided by m?
23
Suppose o - 39 - 20 = 0. Let b(d) = -150*d + 1144. Let p be b(8). Let k = o + p. Calculate the remainder when 26 is divided by k.
2
Let q(p) = p - 1. Let k = -72 + 29. Let y = k + 53. What is the remainder when 34 is divided by q(y)?
7
What is the remainder when (2597/(-2))/(-7) - ((-50)/(-20) - 3) is divided by (-2)/4*(-1 - 117)?
9
Let c = 106 - 75. Let l(t) = 7*t + 96. Let q be l(16). Let u = q - 189. What is the remainder when c is divided by u?
12
Suppose -2*d = -2*z - 2, -d - 14 = -4*z - 3*d. Let g = 75 + -60. Suppose f = 1, -9*f = -5*j - 4*f + g. Calculate the remainder when j is divided by z.
0
Suppose 0 = -4*f - 16, -3*f - 128 = -4*g + f. Suppose 73*k - 42164 = -33*k - 148*k. Calculate the remainder when k is divided by g.
26
Suppose 9 - 344 = -5*x. Suppose f = 3*b - 56, -80 = -5*b + 4*f - 9*f. Calculate the remainder when x is divided by b.
13
Let r(a) = 220*a**3 + 2*a. Let g be r(1). Suppose g = 2*h - 4*k, -h + 4*k + 107 = k. What is the remainder when h is divided b